 + 124. Let a be w(5). Let o(l) = -5 - 2*l + l + 3*l. Let g be o(8). What is the highest common factor of g and a?
11
Let n be -15*25*(-2)/6. Let v be 2/(-4)*(-1156)/17. Suppose -v = -2*i + 66. What is the highest common divisor of i and n?
25
Let z(a) = -3*a - 11. Let t be z(-12). Let h(x) = 6*x**2 + 33*x - 20. Let c be h(-8). Calculate the greatest common divisor of c and t.
25
Suppose 55*l - 2388 = 52*l + 3*z, -z = 4. Let b be (9/(-4))/(3/(-132)). Calculate the highest common divisor of l and b.
99
Let o(y) = 155*y**2 + 9*y - 13. Let s be o(2). Let r = s - 518. Calculate the greatest common factor of 1 and r.
1
Let m(v) = -1116*v + 96. Let f be m(0). Calculate the highest common factor of 2892 and f.
12
Suppose -18 = -2*d + 5*d. Let b = d + 19. Suppose 80 + 622 = 6*u. Calculate the highest common factor of b and u.
13
Suppose 20*x - 412 = 168. Let j = x + -28. Calculate the highest common divisor of j and 19.
1
Let y(d) = 30*d - 76. Let n be y(4). Let q be (n/77)/((-1)/(-21)). Calculate the highest common divisor of q and 276.
12
Let z(d) = 2*d**2 - 6*d - 3. Let w be z(4). Suppose -w*f + 245 = -235. What is the highest common factor of f and 18?
6
Let g be 3 - (-1 - -5) - -5. Suppose -g*b - 4*v = -2*v - 2882, -b + 3*v = -717. Suppose b = 123*r - 118*r. What is the highest common divisor of 18 and r?
18
Let j(z) = -5*z + 114. Let c = 246 + -226. Let g be j(c). Suppose -2*v - 2*v = -336. What is the highest common factor of g and v?
14
Let r(m) = 508*m**3 + 5*m**2 - 271*m + 1117. Let x be r(4). Calculate the greatest common divisor of 261 and x.
261
Suppose -17*l = -1017 - 805 + 190. What is the greatest common divisor of l and 10?
2
Let s = 161 - 149. Suppose 187 = 7*f + s. Calculate the highest common factor of 10 and f.
5
Let c = -34432 + 34471. Suppose 0 = -l + 5*g + 116, 4*g = 3*l + 2*l - 475. Calculate the highest common divisor of l and c.
13
Let h be ((-43)/15 - -3) + 3484/195. Calculate the highest common factor of h and 3195.
9
Suppose 264 = 3*b - x - x, -x + 93 = b. Let f = -386 - -611. Calculate the greatest common divisor of f and b.
45
Let b(q) = -5930 + 5930 + 3*q**2. Let f be ((4/(-3))/(-2))/((-6)/(-18)). Let k be b(f). Calculate the greatest common divisor of k and 48.
12
Let f(y) = 9*y**2 + 8. Let t be f(-2). Let o(d) = -d**2 + d - 12. Let h be o(3). Let i be -49*(-4)/9 - 4/h. What is the greatest common factor of i and t?
22
Let u(j) = j + 3. Let c be u(-1). Let i be 6690/150 - c/(-5). Calculate the greatest common divisor of 117 and i.
9
Let y(a) = -3*a**3 - 148*a**2 - 201*a + 52. Let s be y(-48). Calculate the greatest common factor of 2299 and s.
121
Let i be 12*738/205*165/4. What is the highest common factor of i and 648?
162
Suppose -t = 444 - 504. Let x be (6/(-5))/(-4 - (-232)/t). Calculate the highest common factor of x and 369.
9
Let v = 4609 + -4357. What is the highest common factor of v and 1638?
126
Suppose 38*c - 5760 = -35*c - 17*c. Let o be (246/(-5) - 2)*-5. Calculate the highest common factor of o and c.
64
Let z be ((-5)/2)/(10/(-504)). What is the highest common factor of z and 594?
18
Suppose -11*s = -r - 6*s + 1705, 0 = -r + 4*s + 1707. What is the greatest common divisor of r and 70?
35
Suppose -104 = -o + 5*s + 35, 5*o - 575 = -5*s. Suppose -12563 = -1350*l + 56287. Calculate the highest common divisor of o and l.
17
Let h(p) = -3*p + 219. Let l be h(44). Let n = -39 + l. What is the greatest common divisor of n and 36?
12
Suppose 4*c - 3*g - 828 = 1774, 2*g + 653 = c. Calculate the greatest common divisor of c and 767.
59
Let k be -3*(-54 - -7 - 7). Suppose -k = h - 173. Let j(c) = c + 11. Let r be j(0). Calculate the highest common factor of r and h.
11
Let w = -38 - -87. Let x be ((-33)/165)/((-5)/25). Calculate the greatest common factor of x and w.
1
Suppose -2*o - 4*t = 44, t = -4*o - 22 - 101. Let w = 38 + o. Let x be (-4)/(-12)*-2 - (-58)/w. What is the highest common divisor of 81 and x?
9
Let s be ((-138)/8)/(2/(-32)). Let m be 107/9 + -17 + (-2310)/(-135). Calculate the greatest common factor of m and s.
12
Let h(w) = -2*w**2 - 19*w + 51. Let p(m) = -12*m**2 - 9*m - 8. Let v be p(-1). Let t be h(v). What is the highest common factor of 42 and t?
6
Suppose 105 + 15 = 20*x. Suppose -5456 = -25*u - x*u. What is the highest common factor of u and 16?
16
Suppose -106 = -5*b - 51. Suppose w = 0, 4*s = -8*w + b*w + 5456. Calculate the highest common divisor of 62 and s.
62
Let g(k) = -k**3 + 2*k**2 - k + 18. Let j be g(0). Suppose v + 2*f - 17 = 27, 3*f - 120 = -3*v. What is the greatest common divisor of j and v?
18
Suppose -45*r + 5159 = -34*r. Suppose a - 474 = -r. Suppose -2*x + 5*x - 3 = 0. Calculate the greatest common factor of a and x.
1
Let p be (-2 + 149/4 - 396/264)*4. What is the highest common divisor of p and 3555?
45
Suppose 4*o - 14 = -2*m, 0 = 3*m + o + 12 - 53. Let a be (-3)/(-2)*(-20)/m. Let p be a - -83 - -2*(-12)/8. What is the greatest common factor of p and 26?
26
Let o = -12281 - -12301. What is the greatest common divisor of o and 536?
4
Suppose -4264 = 110*t - 123*t. What is the greatest common divisor of t and 820?
164
Let j = -183 - -187. Suppose j*d - 17 = -3*n - 0, -d - n = -5. What is the greatest common divisor of 14 and d?
2
Suppose -11*q + 8*q + 57 = 0. Let z(y) = 2*y**3 + 9*y**2 - 5*y + 6. Let i be z(-5). Suppose i*c - 1090 = 278. What is the highest common factor of c and q?
19
Let w(x) be the first derivative of -x**4/4 + 13*x**3/3 - 4*x**2 - 24*x - 36. Let z be w(12). Calculate the highest common factor of 8 and z.
8
Let q = -60 - -141. Let r = q - 61. What is the highest common factor of 4 and r?
4
Let n be (-15*(-6)/18 - 12)*18. Let t = n + 211. Calculate the highest common factor of 34 and t.
17
Let f(q) = 459*q + 1225. Let i be f(23). Calculate the greatest common divisor of 86 and i.
86
Let n = 29314 - 28405. Calculate the highest common divisor of 8484 and n.
303
Suppose -21 = 2*c - 1. Let s = c + 24. Suppose -p - 5*v - 3 = -65, -3*p = -4*v - 110. What is the greatest common divisor of p and s?
14
Let b(t) = 13*t**2 - 45*t - 97. Let l be b(18). Calculate the highest common factor of 5 and l.
5
Let i(m) = m**3 + 11*m**2 - 34*m + 112. Let x be i(4). What is the greatest common divisor of 3321 and x?
27
Let t = -258 + 412. Suppose -58*i = -56*i - t. What is the greatest common factor of i and 21?
7
Suppose 3*s + 3 = -2*j, 2*j - s = 3*s + 4. Suppose j = -4*t + 8*t - 120. Let g = -225 - -235. Calculate the greatest common divisor of g and t.
10
Suppose 3*a + 10107 = 12*a. Let j = 10 + a. What is the greatest common factor of j and 103?
103
Suppose s - 3218 = i, -s + 1424*i + 3216 = 1422*i. Calculate the highest common divisor of 28 and s.
28
Suppose 0 = 6701*r - 6815*r + 1254. Let h(y) = -140*y - 4. Let d be h(-6). What is the greatest common divisor of r and d?
11
Let g = 398 + -388. Suppose 5*c + g = q, -2*q - 5*c = -7*q + 30. What is the highest common divisor of 80 and q?
5
Suppose -15*i + 29406 = -9*i. What is the greatest common factor of 338 and i?
169
Let q = 77 + -63. Let j(h) = 20 - h**2 - 45 + q + 24*h. Let z be j(23). What is the highest common divisor of 60 and z?
12
Suppose -2*q + 10 = 0, -427*d + 432*d + 4*q - 1095 = 0. Calculate the highest common divisor of 473 and d.
43
Let x be (20/8)/((-2)/(-4)). Let i(o) = 7*o + 5. Let q(k) = 8*k + 6. Let n(j) = 5*i(j) - 4*q(j). Let z be n(x). What is the greatest common divisor of 2 and z?
2
Let z be (((-66600)/(-7))/(-20))/((-1)/28). Calculate the highest common divisor of z and 12.
12
Let l(b) = -3*b**2 - 58*b + 19. Suppose -3*x - 6 = 0, -2*f + 3*x = 22 + 8. Let w be l(f). What is the highest common factor of w and 21?
7
Let d be (-340)/(-4) - (-16 - -21). Calculate the highest common factor of d and 340.
20
Suppose -348 = -18*a + 354. Suppose -a*t - 2376 = -83*t. What is the highest common divisor of t and 36?
18
Let l be (-15)/6*(-1 - 9). Suppose -l*c - 3*c + 5628 = 0. Calculate the highest common factor of c and 67.
67
Suppose -29*j + 239 = -283. Calculate the highest common factor of j and 153.
9
Suppose -4*z + 125 - 93 = 0, 3*u - 11691 = 3*z. What is the highest common divisor of u and 330?
55
Let t(k) = -9*k**3 + 602*k**2 + 71*k - 209. Let d be t(67). What is the highest common divisor of 